{"id":2726,"date":"2014-08-23T13:07:50","date_gmt":"2014-08-23T11:07:50","guid":{"rendered":"http:\/\/www.cascinabricchetto.it\/?page_id=2726"},"modified":"2024-08-18T19:20:06","modified_gmt":"2024-08-18T17:20:06","slug":"lart-dans-les-langhes","status":"publish","type":"page","link":"https:\/\/www.cascinabricchetto.it\/fr\/langhe-piemont-ou-sommes-nous\/lart-dans-les-langhes\/","title":{"rendered":"L&rsquo;art dans les Langhes"},"content":{"rendered":"\n<h4 class=\"wp-block-heading\"><i>Mus\u00e9e \u00e0 ciel ouvert. L\u2019art de recycler les objets de notre pass\u00e9.<\/i><\/h4>\n\n\n\n<p>Camo est un village perch\u00e9 sur une colline dominant la vall\u00e9e du Belbo dont la &nbsp;population d\u00e9passe \u00e0 peine &nbsp;200 habitants. Jusqu\u2019il y a peu, les visiteurs venaient y contempler une vue magnifique de jour comme de nuit, et accouraient nombreux pour assister \u00e0 la f\u00eate patronale, attir\u00e9s par le parfum des \u00abfriciule\u00bb (<span class=\"s1\">ndt:<\/span> <span class=\"s1\">p\u00e2te \u00e0 pain frite typique dans la r\u00e9gion<\/span>). Depuis mai 2013, ils peuvent en outre admirer une exposition permanente d\u2019\u0153uvres d\u2019art contemporain. Le m\u00e9rite de cette initiative surprenante dans un cadre aussi restreint, revient \u00e0 Claudio Lorenzoni, turinois amoureux de Camo. &nbsp;Quelques habitants locaux contribuent \u00e0 l\u2019entretien du mus\u00e9e et \u00e0 l\u2019organisation de diverses initiatives culturelles tout au long de l\u2019ann\u00e9e. (Musique, litt\u00e9rature etc.)<\/p>\n\n\n\n<p>Le <i>Mus\u00e9e \u00e0 ciel ouvert<\/i> s\u2019\u00e9tend tout au long du parcours concentrique qui &nbsp;de la route provinciale m\u00e8ne &nbsp;\u00e0 l\u2019\u00e9glise et \u00e0 la mairie, o\u00f9 sont pr\u00e9sent\u00e9es des expositions p\u00e9riodiques, et o\u00f9 en permanence on peut voir les \u0153uvres de l\u2019artiste Ann Stefani, anglaise de naissance et \u00e9tablie de longue date \u00e0 Camo.<\/p>\n\n\n\n<p>Avec amour, cr\u00e9ativit\u00e9, comp\u00e9tence technique, et de &nbsp;patientes recherches, l\u2019artiste, soulignant la beaut\u00e9 des objets et l\u2019adresse des artisans qui les avaient r\u00e9alis\u00e9s, a transform\u00e9 tout ou partie d\u2019objets d\u2019usage quotidien du pass\u00e9, &nbsp;en \u0153uvres d\u2019art originales pr\u00e9sent\u00e9es sous le titre: \u00abRecyclage des objets de notre pass\u00e9\u00bb.<\/p>\n\n\n\n<p><strong>Info<\/strong><br>Mairie (Municipio) de Camo 0141 840100<\/p>\n\n\n\n<p><strong>Agenda des initiatives<\/strong><br><a href=\"https:\/\/www.facebook.com\/museoacieloaperto\">Facebook\/museo a cielo aperto di Camo<\/a><\/p>\n\n\n<div  data-transition=\"slide\" data-overall_style=\"classic\" data-flexible-height=\"\" data-animate-in-effect=\"none\" data-fullscreen=\"false\" data-button-sizing=\"large\" data-button-styling=\"btn_with_count\" data-autorotate=\"3000\" data-parallax=\"false\" data-parallax-disable-mobile=\"\" data-caption-trans=\"fade_in_from_bottom\" data-parallax-style=\"bg_only\" data-bg-animation=\"none\" data-full-width=\"false\" class=\"nectar-slider-wrap \" id=\"nectar-slider-instance-1\"><div class=\"swiper-container\"  data-tho=\"auto\" data-tco=\"auto\" data-pho=\"auto\" data-pco=\"auto\" data-loop=\"true\" data-height=\"650\" data-min-height=\"\" data-arrows=\"false\" data-bullets=\"true\" data-bullet_style=\"scale\" data-bullet_position=\"bottom\" data-desktop-swipe=\"false\" data-settings=\"\"> <div class=\"swiper-wrapper\"><div class=\"swiper-slide\" data-desktop-content-width=\"auto\" data-tablet-content-width=\"auto\" data-bg-alignment=\"center\" data-color-scheme=\"light\" data-x-pos=\"left\" data-y-pos=\"middle\" ><div class=\"slide-bg-wrap\"><div class=\"image-bg\" style=\"background-image: url(https:\/\/www.cascinabricchetto.it\/wp-content\/uploads\/2024\/06\/camoLarge1.jpg);\"> &nbsp; <\/div><\/div><div class=\"video-texture \"> <span class=\"ie-fix\"><\/span> <\/div><\/div> <!--\/swiper-slide--><div class=\"swiper-slide\" data-desktop-content-width=\"auto\" data-tablet-content-width=\"auto\" data-bg-alignment=\"center\" data-color-scheme=\"light\" data-x-pos=\"left\" data-y-pos=\"middle\" ><div class=\"slide-bg-wrap\"><div class=\"image-bg\" style=\"background-image: url(https:\/\/www.cascinabricchetto.it\/wp-content\/uploads\/2023\/11\/5aafd44aa0ff89e9ea697613abb6efa2.jpg);\"> &nbsp; <\/div><\/div><div class=\"video-texture \"> <span class=\"ie-fix\"><\/span> <\/div><\/div> <!--\/swiper-slide--><div class=\"swiper-slide\" data-desktop-content-width=\"auto\" data-tablet-content-width=\"auto\" data-bg-alignment=\"center\" data-color-scheme=\"light\" data-x-pos=\"left\" data-y-pos=\"middle\" ><div class=\"slide-bg-wrap\"><div class=\"image-bg\" style=\"background-image: url(https:\/\/www.cascinabricchetto.it\/wp-content\/uploads\/2023\/11\/camo2d2.jpg);\"> &nbsp; <\/div><\/div><div class=\"video-texture \"> <span class=\"ie-fix\"><\/span> <\/div><\/div> <!--\/swiper-slide--><\/div><div class=\"container normal-container slider-pagination-wrap\"><div class=\"slider-pagination\"><\/div><\/div><div class=\"nectar-slider-loading \"> <span class=\"loading-icon none\">   <\/span> <\/div> <\/div> \n\t\t\t\t\t\n\t\t\t\t\t<\/div>\n","protected":false},"excerpt":{"rendered":"<p>Mus\u00e9e \u00e0 ciel ouvert. L\u2019art de recycler les objets de notre pass\u00e9. Camo est un village perch\u00e9 sur une colline dominant la vall\u00e9e du Belbo dont la &nbsp;population d\u00e9passe \u00e0&#8230;<\/p>\n","protected":false},"author":1,"featured_media":0,"parent":2615,"menu_order":0,"comment_status":"open","ping_status":"open","template":"","meta":{"footnotes":""},"class_list":["post-2726","page","type-page","status-publish"],"yoast_head":"<!-- This site is optimized with the Yoast SEO plugin v23.9 - https:\/\/yoast.com\/wordpress\/plugins\/seo\/ -->\n<title>L&#039;art dans les Langhes - Cascina Bricchetto<\/title>\n<meta name=\"robots\" content=\"index, follow, max-snippet:-1, max-image-preview:large, max-video-preview:-1\" \/>\n<link rel=\"canonical\" href=\"https:\/\/www.cascinabricchetto.it\/fr\/langhe-piemont-ou-sommes-nous\/lart-dans-les-langhes\/\" \/>\n<meta property=\"og:locale\" content=\"fr_FR\" \/>\n<meta property=\"og:type\" content=\"article\" \/>\n<meta property=\"og:title\" content=\"L&#039;art dans les Langhes - Cascina Bricchetto\" \/>\n<meta property=\"og:description\" content=\"Mus\u00e9e \u00e0 ciel ouvert. L\u2019art de recycler les objets de notre pass\u00e9. Camo est un village perch\u00e9 sur une colline dominant la vall\u00e9e du Belbo dont la &nbsp;population d\u00e9passe \u00e0...\" \/>\n<meta property=\"og:url\" content=\"https:\/\/www.cascinabricchetto.it\/fr\/langhe-piemont-ou-sommes-nous\/lart-dans-les-langhes\/\" \/>\n<meta property=\"og:site_name\" content=\"Cascina Bricchetto\" \/>\n<meta property=\"article:modified_time\" content=\"2024-08-18T17:20:06+00:00\" \/>\n<meta name=\"twitter:card\" content=\"summary_large_image\" \/>\n<meta name=\"twitter:label1\" content=\"Dur\u00e9e de lecture estim\u00e9e\" \/>\n\t<meta name=\"twitter:data1\" content=\"2 minutes\" \/>\n<script type=\"application\/ld+json\" class=\"yoast-schema-graph\">{\"@context\":\"https:\/\/schema.org\",\"@graph\":[{\"@type\":\"WebPage\",\"@id\":\"https:\/\/www.cascinabricchetto.it\/fr\/langhe-piemont-ou-sommes-nous\/lart-dans-les-langhes\/\",\"url\":\"https:\/\/www.cascinabricchetto.it\/fr\/langhe-piemont-ou-sommes-nous\/lart-dans-les-langhes\/\",\"name\":\"L'art dans les Langhes - Cascina Bricchetto\",\"isPartOf\":{\"@id\":\"https:\/\/www.cascinabricchetto.it\/fr\/#website\"},\"datePublished\":\"2014-08-23T11:07:50+00:00\",\"dateModified\":\"2024-08-18T17:20:06+00:00\",\"breadcrumb\":{\"@id\":\"https:\/\/www.cascinabricchetto.it\/fr\/langhe-piemont-ou-sommes-nous\/lart-dans-les-langhes\/#breadcrumb\"},\"inLanguage\":\"fr-FR\",\"potentialAction\":[{\"@type\":\"ReadAction\",\"target\":[\"https:\/\/www.cascinabricchetto.it\/fr\/langhe-piemont-ou-sommes-nous\/lart-dans-les-langhes\/\"]}]},{\"@type\":\"BreadcrumbList\",\"@id\":\"https:\/\/www.cascinabricchetto.it\/fr\/langhe-piemont-ou-sommes-nous\/lart-dans-les-langhes\/#breadcrumb\",\"itemListElement\":[{\"@type\":\"ListItem\",\"position\":1,\"name\":\"Home\",\"item\":\"https:\/\/www.cascinabricchetto.it\/fr\/\"},{\"@type\":\"ListItem\",\"position\":2,\"name\":\"Langhe, o\u00f9 sommes nous\",\"item\":\"https:\/\/www.cascinabricchetto.it\/fr\/langhe-piedmont-where-we-are\/\"},{\"@type\":\"ListItem\",\"position\":3,\"name\":\"L&#8217;art dans les Langhes\"}]},{\"@type\":\"WebSite\",\"@id\":\"https:\/\/www.cascinabricchetto.it\/fr\/#website\",\"url\":\"https:\/\/www.cascinabricchetto.it\/fr\/\",\"name\":\"Cascina Bricchetto\",\"description\":\"\",\"potentialAction\":[{\"@type\":\"SearchAction\",\"target\":{\"@type\":\"EntryPoint\",\"urlTemplate\":\"https:\/\/www.cascinabricchetto.it\/fr\/?s={search_term_string}\"},\"query-input\":{\"@type\":\"PropertyValueSpecification\",\"valueRequired\":true,\"valueName\":\"search_term_string\"}}],\"inLanguage\":\"fr-FR\"}]}<\/script>\n<!-- \/ Yoast SEO plugin. -->","yoast_head_json":{"title":"L'art dans les Langhes - Cascina Bricchetto","robots":{"index":"index","follow":"follow","max-snippet":"max-snippet:-1","max-image-preview":"max-image-preview:large","max-video-preview":"max-video-preview:-1"},"canonical":"https:\/\/www.cascinabricchetto.it\/fr\/langhe-piemont-ou-sommes-nous\/lart-dans-les-langhes\/","og_locale":"fr_FR","og_type":"article","og_title":"L'art dans les Langhes - Cascina Bricchetto","og_description":"Mus\u00e9e \u00e0 ciel ouvert. L\u2019art de recycler les objets de notre pass\u00e9. Camo est un village perch\u00e9 sur une colline dominant la vall\u00e9e du Belbo dont la &nbsp;population d\u00e9passe \u00e0...","og_url":"https:\/\/www.cascinabricchetto.it\/fr\/langhe-piemont-ou-sommes-nous\/lart-dans-les-langhes\/","og_site_name":"Cascina Bricchetto","article_modified_time":"2024-08-18T17:20:06+00:00","twitter_card":"summary_large_image","twitter_misc":{"Dur\u00e9e de lecture estim\u00e9e":"2 minutes"},"schema":{"@context":"https:\/\/schema.org","@graph":[{"@type":"WebPage","@id":"https:\/\/www.cascinabricchetto.it\/fr\/langhe-piemont-ou-sommes-nous\/lart-dans-les-langhes\/","url":"https:\/\/www.cascinabricchetto.it\/fr\/langhe-piemont-ou-sommes-nous\/lart-dans-les-langhes\/","name":"L'art dans les Langhes - Cascina Bricchetto","isPartOf":{"@id":"https:\/\/www.cascinabricchetto.it\/fr\/#website"},"datePublished":"2014-08-23T11:07:50+00:00","dateModified":"2024-08-18T17:20:06+00:00","breadcrumb":{"@id":"https:\/\/www.cascinabricchetto.it\/fr\/langhe-piemont-ou-sommes-nous\/lart-dans-les-langhes\/#breadcrumb"},"inLanguage":"fr-FR","potentialAction":[{"@type":"ReadAction","target":["https:\/\/www.cascinabricchetto.it\/fr\/langhe-piemont-ou-sommes-nous\/lart-dans-les-langhes\/"]}]},{"@type":"BreadcrumbList","@id":"https:\/\/www.cascinabricchetto.it\/fr\/langhe-piemont-ou-sommes-nous\/lart-dans-les-langhes\/#breadcrumb","itemListElement":[{"@type":"ListItem","position":1,"name":"Home","item":"https:\/\/www.cascinabricchetto.it\/fr\/"},{"@type":"ListItem","position":2,"name":"Langhe, o\u00f9 sommes nous","item":"https:\/\/www.cascinabricchetto.it\/fr\/langhe-piedmont-where-we-are\/"},{"@type":"ListItem","position":3,"name":"L&#8217;art dans les Langhes"}]},{"@type":"WebSite","@id":"https:\/\/www.cascinabricchetto.it\/fr\/#website","url":"https:\/\/www.cascinabricchetto.it\/fr\/","name":"Cascina Bricchetto","description":"","potentialAction":[{"@type":"SearchAction","target":{"@type":"EntryPoint","urlTemplate":"https:\/\/www.cascinabricchetto.it\/fr\/?s={search_term_string}"},"query-input":{"@type":"PropertyValueSpecification","valueRequired":true,"valueName":"search_term_string"}}],"inLanguage":"fr-FR"}]}},"_links":{"self":[{"href":"https:\/\/www.cascinabricchetto.it\/fr\/wp-json\/wp\/v2\/pages\/2726","targetHints":{"allow":["GET"]}}],"collection":[{"href":"https:\/\/www.cascinabricchetto.it\/fr\/wp-json\/wp\/v2\/pages"}],"about":[{"href":"https:\/\/www.cascinabricchetto.it\/fr\/wp-json\/wp\/v2\/types\/page"}],"author":[{"embeddable":true,"href":"https:\/\/www.cascinabricchetto.it\/fr\/wp-json\/wp\/v2\/users\/1"}],"replies":[{"embeddable":true,"href":"https:\/\/www.cascinabricchetto.it\/fr\/wp-json\/wp\/v2\/comments?post=2726"}],"version-history":[{"count":3,"href":"https:\/\/www.cascinabricchetto.it\/fr\/wp-json\/wp\/v2\/pages\/2726\/revisions"}],"predecessor-version":[{"id":28711,"href":"https:\/\/www.cascinabricchetto.it\/fr\/wp-json\/wp\/v2\/pages\/2726\/revisions\/28711"}],"up":[{"embeddable":true,"href":"https:\/\/www.cascinabricchetto.it\/fr\/wp-json\/wp\/v2\/pages\/2615"}],"wp:attachment":[{"href":"https:\/\/www.cascinabricchetto.it\/fr\/wp-json\/wp\/v2\/media?parent=2726"}],"curies":[{"name":"wp","href":"https:\/\/api.w.org\/{rel}","templated":true}]}}

<h4 class="wp-block-heading"><i>Musée à ciel ouvert. L’art de recycler les objets de notre passé.</i></h4>



<p>Camo est un village perché sur une colline dominant la vallée du Belbo dont la &nbsp;population dépasse à peine &nbsp;200 habitants. Jusqu’il y a peu, les visiteurs venaient y contempler une vue magnifique de jour comme de nuit, et accouraient nombreux pour assister à la fête patronale, attirés par le parfum des «friciule» (<span class="s1">ndt:</span> <span class="s1">pâte à pain frite typique dans la région</span>). Depuis mai 2013, ils peuvent en outre admirer une exposition permanente d’œuvres d’art contemporain. Le mérite de cette initiative surprenante dans un cadre aussi restreint, revient à Claudio Lorenzoni, turinois amoureux de Camo. &nbsp;Quelques habitants locaux contribuent à l’entretien du musée et à l’organisation de diverses initiatives culturelles tout au long de l’année. (Musique, littérature etc.)</p>



<p>Le <i>Musée à ciel ouvert</i> s’étend tout au long du parcours concentrique qui &nbsp;de la route provinciale mène &nbsp;à l’église et à la mairie, où sont présentées des expositions périodiques, et où en permanence on peut voir les œuvres de l’artiste Ann Stefani, anglaise de naissance et établie de longue date à Camo.</p>



<p>Avec amour, créativité, compétence technique, et de &nbsp;patientes recherches, l’artiste, soulignant la beauté des objets et l’adresse des artisans qui les avaient réalisés, a transformé tout ou partie d’objets d’usage quotidien du passé, &nbsp;en œuvres d’art originales présentées sous le titre: «Recyclage des objets de notre passé».</p>



<p><strong>Info</strong><br>Mairie (Municipio) de Camo 0141 840100</p>



<p><strong>Agenda des initiatives</strong><br><a href="https://www.facebook.com/museoacieloaperto">Facebook/museo a cielo aperto di Camo</a></p>


<div  data-transition="slide" data-overall_style="classic" data-flexible-height="" data-animate-in-effect="none" data-fullscreen="false" data-button-sizing="large" data-button-styling="btn_with_count" data-autorotate="3000" data-parallax="false" data-parallax-disable-mobile="" data-caption-trans="fade_in_from_bottom" data-parallax-style="bg_only" data-bg-animation="none" data-full-width="false" class="nectar-slider-wrap " id="nectar-slider-instance-1"><div class="swiper-container"  data-tho="auto" data-tco="auto" data-pho="auto" data-pco="auto" data-loop="true" data-height="650" data-min-height="" data-arrows="false" data-bullets="true" data-bullet_style="scale" data-bullet_position="bottom" data-desktop-swipe="false" data-settings=""> <div class="swiper-wrapper"><div class="swiper-slide" data-desktop-content-width="auto" data-tablet-content-width="auto" data-bg-alignment="center" data-color-scheme="light" data-x-pos="left" data-y-pos="middle" ><div class="slide-bg-wrap"><div class="image-bg" style="background-image: url(https://www.cascinabricchetto.it/wp-content/uploads/2024/06/camoLarge1.jpg);"> &nbsp; </div></div><div class="video-texture "> <span class="ie-fix"></span> </div></div> <!--/swiper-slide--><div class="swiper-slide" data-desktop-content-width="auto" data-tablet-content-width="auto" data-bg-alignment="center" data-color-scheme="light" data-x-pos="left" data-y-pos="middle" ><div class="slide-bg-wrap"><div class="image-bg" style="background-image: url(https://www.cascinabricchetto.it/wp-content/uploads/2023/11/5aafd44aa0ff89e9ea697613abb6efa2.jpg);"> &nbsp; </div></div><div class="video-texture "> <span class="ie-fix"></span> </div></div> <!--/swiper-slide--><div class="swiper-slide" data-desktop-content-width="auto" data-tablet-content-width="auto" data-bg-alignment="center" data-color-scheme="light" data-x-pos="left" data-y-pos="middle" ><div class="slide-bg-wrap"><div class="image-bg" style="background-image: url(https://www.cascinabricchetto.it/wp-content/uploads/2023/11/camo2d2.jpg);"> &nbsp; </div></div><div class="video-texture "> <span class="ie-fix"></span> </div></div> <!--/swiper-slide--></div><div class="container normal-container slider-pagination-wrap"><div class="slider-pagination"></div></div><div class="nectar-slider-loading "> <span class="loading-icon none">   </span> </div> </div> 
					
					</div>

<p>Musée à ciel ouvert. L’art de recycler les objets de notre passé. Camo est un village perché sur une colline dominant la vallée du Belbo dont la &nbsp;population dépasse à&#8230;</p>

<!-- This site is optimized with the Yoast SEO plugin v23.9 - https://yoast.com/wordpress/plugins/seo/ -->
<title>L&#039;art dans les Langhes - Cascina Bricchetto</title>
<meta name="robots" content="index, follow, max-snippet:-1, max-image-preview:large, max-video-preview:-1" />
<link rel="canonical" href="https://www.cascinabricchetto.it/fr/langhe-piemont-ou-sommes-nous/lart-dans-les-langhes/" />
<meta property="og:locale" content="fr_FR" />
<meta property="og:type" content="article" />
<meta property="og:title" content="L&#039;art dans les Langhes - Cascina Bricchetto" />
<meta property="og:description" content="Musée à ciel ouvert. L’art de recycler les objets de notre passé. Camo est un village perché sur une colline dominant la vallée du Belbo dont la &nbsp;population dépasse à..." />
<meta property="og:url" content="https://www.cascinabricchetto.it/fr/langhe-piemont-ou-sommes-nous/lart-dans-les-langhes/" />
<meta property="og:site_name" content="Cascina Bricchetto" />
<meta property="article:modified_time" content="2024-08-18T17:20:06+00:00" />
<meta name="twitter:card" content="summary_large_image" />
<meta name="twitter:label1" content="Durée de lecture estimée" />
	<meta name="twitter:data1" content="2 minutes" />
<script type="application/ld+json" class="yoast-schema-graph">{"@context":"https://schema.org","@graph":[{"@type":"WebPage","@id":"https://www.cascinabricchetto.it/fr/langhe-piemont-ou-sommes-nous/lart-dans-les-langhes/","url":"https://www.cascinabricchetto.it/fr/langhe-piemont-ou-sommes-nous/lart-dans-les-langhes/","name":"L'art dans les Langhes - Cascina Bricchetto","isPartOf":{"@id":"https://www.cascinabricchetto.it/fr/#website"},"datePublished":"2014-08-23T11:07:50+00:00","dateModified":"2024-08-18T17:20:06+00:00","breadcrumb":{"@id":"https://www.cascinabricchetto.it/fr/langhe-piemont-ou-sommes-nous/lart-dans-les-langhes/#breadcrumb"},"inLanguage":"fr-FR","potentialAction":[{"@type":"ReadAction","target":["https://www.cascinabricchetto.it/fr/langhe-piemont-ou-sommes-nous/lart-dans-les-langhes/"]}]},{"@type":"BreadcrumbList","@id":"https://www.cascinabricchetto.it/fr/langhe-piemont-ou-sommes-nous/lart-dans-les-langhes/#breadcrumb","itemListElement":[{"@type":"ListItem","position":1,"name":"Home","item":"https://www.cascinabricchetto.it/fr/"},{"@type":"ListItem","position":2,"name":"Langhe, où sommes nous","item":"https://www.cascinabricchetto.it/fr/langhe-piedmont-where-we-are/"},{"@type":"ListItem","position":3,"name":"L&#8217;art dans les Langhes"}]},{"@type":"WebSite","@id":"https://www.cascinabricchetto.it/fr/#website","url":"https://www.cascinabricchetto.it/fr/","name":"Cascina Bricchetto","description":"","potentialAction":[{"@type":"SearchAction","target":{"@type":"EntryPoint","urlTemplate":"https://www.cascinabricchetto.it/fr/?s={search_term_string}"},"query-input":{"@type":"PropertyValueSpecification","valueRequired":true,"valueName":"search_term_string"}}],"inLanguage":"fr-FR"}]}</script>
<!-- / Yoast SEO plugin. -->

Musée à ciel ouvert. L’art de recycler les objets de notre passé. Camo est un village perché sur une colline dominant la vallée du Belbo dont la &nbsp;population dépasse à...

Langhe, où sommes nous
